i. Let r be 3*20/105 - 93/(-21). Calculate t(r).
-3
Let n be (3/(-2) - 0)*(-13 + 9). Let s(b) = -12*b + 7*b + 3*b - n - b. What is s(7)?
-27
Let a be (-1*9)/(6 + 297/(-48)). Let v be a + (-2 - -3) + -1. Let y = -48 + v. Let j(s) = s + 7. Give j(y).
7
Let x(d) = -4 + 4*d - 14*d - 10*d + 22*d. Let a = 48 + -44. Determine x(a).
4
Let w(f) = -2*f - 15. Suppose 4*h - 2*h - 4*c + 48 = 0, h + c + 9 = 0. Let a be 62/(-6) - (h + 205/15). What is w(a)?
5
Let t(b) = 28 + 95*b - b**2 - 36 - 81*b. Determine t(15).
-23
Let h(b) = -2*b**2 + 3*b + 3. Let q(k) = -11*k**2 - 11*k - 108. Let j(u) = -6*h(u) + q(u). Determine j(33).
6
Let a(o) = 8*o - 2. Let q(l) = -6*l + 1. Let d(v) = -4*a(v) - 5*q(v). Let y = 52 - 49. What is d(y)?
-3
Suppose -2*k + 2*z = 5*z + 11, -k = z + 3. Let o(i) = 4*i - 14 - 4*i**2 + 3*i**k + 15. Give o(5).
-4
Let d(q) be the second derivative of q**3/3 + 2*q + 72. Let y(w) = 16*w + 12. Let p(r) = -6*d(r) + y(r). Calculate p(9).
48
Let r be (-1)/(-2)*-1*6. Let v(g) = -7*g + 212. Let u be v(31). Let y = r + u. Let n(m) = -2*m - 12. Determine n(y).
4
Let c(y) = -y**2 + 4*y - 6. Let j be ((-63)/(-42))/(1/(-2)). Let o(u) = 52*u + 158. Let k be o(j). What is c(k)?
-2
Let k(f) = f**3 - 2*f**3 - 2*f + 0 + 4 + 627*f**2 - 633*f**2. Let u(n) = n**2 + 12*n - 10. Let l be u(-8). Let z be (-1)/(l/15 + 3). Determine k(z).
-11
Suppose -b - 13 = -4*x, 3*b + b + 20 = 0. Suppose 6*y = x*y. Let j(l) = -5*l - 1. Let p(h) = -h. Let w(u) = -2*j(u) + 9*p(u). Calculate w(y).
2
Let m = -1115 + 1137. Let b(i) = i**3 - 18*i**2 - 86*i - 3. What is b(m)?
41
Let v = 4 - 1. Let m(n) = -2*n**3 + 12*n**2 + 11*n - 16. Let z be m(6). Let b(c) = -49*c - v*c**2 + 4*c**2 + z*c + c**2. What is b(1)?
3
Let h(p) be the first derivative of p**3/3 - 15*p**2/2 + 25*p + 7. Let k(z) be the first derivative of h(z). Calculate k(9).
3
Suppose -13*n = -17*n + 40. Let u(h) = -2*h**2 + 19*h + 3. Calculate u(n).
-7
Let n = 9 - 16. Let x(w) = -w**3 + 6*w**2 - 5*w + 1. Let o be x(4). Let z(t) = -o + 21 - 15 + 6*t + t**2 + 6. What is z(n)?
6
Let k(z) = -z**2 - 8*z - 7. Let p be 17/(-68) - 2/(8/31). Let u = 5 - p. Suppose 15*c = u*c - 14. Calculate k(c).
0
Let q(l) = 37 - 2*l**3 + 3*l**2 - 22 - 9 - 3*l + l**2. Give q(3).
-21
Let k be ((-12)/4)/(-9)*27. Suppose -k = -x - 2*g + 6, 2*g - 26 = -2*x. Let c(r) = 26*r - x*r + 6 - 14*r. What is c(-4)?
2
Let h be 1 + (3 - (-4)/(-6)*6). Suppose 11*o = 9*o + 134. Let i(n) = -29*n + o*n - 6 - 37*n. What is i(h)?
-6
Let k(z) be the third derivative of -7/6*z**3 - 2 + 1/6*z**4 - 1/60*z**5 + 0*z - 18*z**2. Calculate k(2).
-3
Let r(j) = -2*j**3 + 3*j**2 - 12*j + 22. Let x be r(2). Let o(u) = u**2 + 14*u + 42. What is o(x)?
-6
Let f(h) = 2*h + 17. Let a be 4/(-1) - (0 - (-3)/1). Let k be f(a). Let d(r) = -2*r**2 + 3 - 2*r + 2*r + 0*r - k*r. Calculate d(-4).
-17
Suppose 50*f = 31 + 69. Suppose 22*a - f = 23*a. Let p(q) = 2*q**3 + 2*q**2 - 2*q - 3. Determine p(a).
-7
Let i(u) = -8*u + 153. Let k be i(19). Let o be (1/5)/((7 + k)/120). Let q(w) = -w**2 + 4*w - 4. Give q(o).
-1
Let k(n) be the second derivative of -n**4/6 - 2*n**3 - 7*n**2/2 + 1082*n. What is k(-7)?
-21
Let d(s) be the first derivative of 39*s**2/2 + 8*s - 1148. What is d(0)?
8
Let w(o) = -4*o - 18. Suppose -4*q - 21 - 5 = -2*z, 4*z - 3*q - 27 = 0. Let j be (-16)/12*2*z. What is w(j)?
14
Let m(h) be the third derivative of h**6/40 - 19*h**5/60 - 11*h**4/24 - 5*h**3/2 + 4*h**2 + h - 88. Give m(7).
6
Let f(c) = 32*c**2 - 5*c - 1. Suppose 702*y = 722*y + 40. What is f(y)?
137
Let d be 560 - 4/6*(-15)/(-10). Let b = -549 + d. Let c(m) = m**3 - 9*m**2 - 14*m + 14. Determine c(b).
-26
Let i(a) = 166*a + 6. Let w(p) = 60*p + 4. Let c(r) = -4*i(r) + 11*w(r). Give c(19).
-56
Let h(c) = 15*c**2 - 2*c - 1. Let s(f) = 2*f**3 - 3*f**2 + f - 7. Suppose 23 = -t + 5*w, -14 = -5*t + 4*w - 24. Let z be s(t). Determine h(z).
16
Suppose -178 + 12 = -83*b. Let y(z) = z**2 + 13*z - 23. Give y(b).
7
Let y be (8 - (-15 + 7))*3/3. Let c(h) = h**3 - 17*h**2 + 17*h - 16. What is c(y)?
0
Let n(r) = 2 + 173*r**2 - 422*r**2 + 3*r + 250*r**2. Suppose -3*o + 12 + 0 = 0. Suppose u + x = 2*x - o, 3*u - 2 = -4*x. Give n(u).
0
Let s(n) = -n**2 + 7*n + 14. Suppose 50*t + 36 = 53*t - g, 2*g = 2*t - 24. Give s(t).
-46
Let u(a) = 3*a - 1. Let y = -24 + 25. Let o be u(y). Let l(w) = w**o + 0 + w**3 - 5*w**2 - 2 + 11*w**2 - w. Calculate l(-7).
5
Let u(d) = 36*d - 1. Let s be (-84)/(-48) - ((-40)/(-16))/(10/3). Calculate u(s).
35
Let u be (-726)/42 + (-18)/(-63). Let b(p) = 2*p**2 + 31*p - 81. Determine b(u).
-30
Suppose -5*k - 3*a = -78, -13*k = -15*k - a + 32. Let w(f) be the first derivative of -7/2*f**2 + k + 0*f. Calculate w(-1).
7
Let t(g) = -8*g - 40. Let h be t(-5). Let m(y) = y**2 - 3*y - 2. Give m(h).
-2
Let q(y) = 7*y + 0*y - 103 + 48 + 49 + 4*y**2. Let s(m) = m**2 + m - 1. Let z(g) = -q(g) + 3*s(g). Suppose -5*l - 7 = -17, 4*u + 2*l + 12 = 0. What is z(u)?
3
Let k(o) = o**3 + 10*o**2 + o - 4. Let f be k(-10). Let a(b) = -16 - 20*b**2 - b**3 - 16*b + 4*b**2 + 3*b**2 - 2*b**2 + 0*b**2. Give a(f).
12
Suppose 16*u + 3*m = 12*u + 1, -2*u + 8 = 4*m. Let a(o) = 5*o**3 + 3*o**2 - o - 4. Calculate a(u).
-30
Let k(w) be the third derivative of 0*w + 3 - 2/15*w**5 - w**3 - 1/24*w**4 - 7*w**2 - 1/120*w**6. Suppose -v + 16 = -3*v. Calculate k(v).
2
Suppose -57 - 62 = -15*z - 29. Let d be 3 + 0 - 0/2. Let g(r) = -1 - 3*r**2 - r**d + 9*r**2 - 3. Calculate g(z).
-4
Let x(l) be the third derivative of l**4/24 - l**3/2 - l**2. Let b be 8*1 - (62 - 56). Suppose 0 = 6*f + f + b*f. Determine x(f).
-3
Let j(u) = 3*u**2 + 4*u - 9. Suppose 105*s + 915 = -78*s. Determine j(s).
46
Let x(z) = -59 - 59 - 76 + 231 + 3*z - 66. Give x(0).
-29
Suppose -11 = 4*h - 4*v + 1, 2*v = h. Let g(q) = -3*q - 306514 - 7*q**2 + 613033 - q**3 - 306525. Determine g(h).
-24
Let l(f) = 2*f - 1. Let n be (0 + (-21)/6)*360/(-126). Suppose 72 = n*v + 8*v. Determine l(v).
7
Let i(g) = -g**2 + 5*g + 1. Let s be (-54)/21 - (-16)/28 - 184. Let v = 192 + s. Determine i(v).
-5
Let v(p) = p**3 + 5*p**2 + 3*p - 5. Let f(b) = -6*b - 3. Let k be f(-1). Let y(x) = -5*x**3 + 5*x**2 - 3*x - 3. Let s be y(k). Let o be 2/3*s/17. Give v(o).
-1
Let d(t) be the first derivative of t**4/4 - 5*t**3/3 - 3*t**2/2 + 11*t - 1088. What is d(2)?
-7
Let s(r) = -339 + 161 - 2*r + 3*r**2 - 5*r**3 + 176 + 4*r**3. Suppose -b + 8 = 2*y, 3*y = -3*b + 3 + 9. Determine s(y).
-26
Let s(j) = -45*j - 3 + 6 + 52*j + j**2. Let k(l) = -2 + 10 + 21*l + 6*l**2 - 3*l**2. Let y(p) = 2*k(p) - 7*s(p). Give y(-5).
5
Let g(o) = o**3 - 2*o**2 - 6*o + 6. Let x(q) be the second derivative of -1/3*q**3 + 0 + 29*q - 5*q**2. Let z be x(-7). Give g(z).
14
Let l(p) be the second derivative of -p**7/2520 + p**6/360 - p**5/40 + 22*p**4/3 - 14*p. Let a(v) be the third derivative of l(v). Determine a(4).
-11
Let f(b) = -b**3 - 7*b**2 - 7*b + 1. Let x = -19 + 13. Let z be (-3)/(x + 3 + 2*1). Suppose 4*h = -2*w - 23 + 5, 5*h = -z*w - 25. Calculate f(w).
-14
Let j(n) = 62*n - 21. Let v(q) = 238*q - 83. Let p(g) = 23*j(g) - 6*v(g). Suppose 2*f - f = -4*t - 10, t = 5*f - 34. Calculate p(f).
3
Suppose 10*r - 31 = -21. Suppose 2*g + 25 = 5*m, -3*m - 25 = -3*g - 8*m. Let u = r - g. Let x(c) = 7*c + 1. Determine x(u).
8
Let p(x) be the second derivative of -55*x - 1/2*x**3 + 1/4*x**4 + 0 + 2*x**2. What is p(3)?
22
Let a(c) = -24*c + 4. Let n = -17 - -15. Let i be a(n). Suppose -3*j + 28 = i. Let v(o) = -o**3 - 8*o**2 - o + 5. Determine v(j).
13
Suppose -5*z - 240 = 4*t + 63, 2*z - 5*t = -141. Let j = z - -60. Let x(q) = -3*q**2 + 6*q**2 - 3*q - 2*q**2 - 2*q**2 + 3. Calculate x(j).
3
Let i(h) be the first derivative of 1/2*h**2 + 2*h - 13. What is i(0)?
2
Let l(j) = j**2 - 3*j - 3. Let v = 87 + -61. Suppose 0 = 2*d - v + 10. Suppose -5*q + q - d = 0. Give l(q).
7
Let c(l) = -l**2 - 6*l + 5. Suppose 2*i + 1 = 7. Suppose i*t - 50 + 26 = 0. Suppose 12 + t = -4*m. Give c(m).
10
Let h(o) be the third derivative of -o**5/60 + o**4/8 + 4*o**3/3 + 77*o**2. Let v be -5 - (58/(-6) + (-6)/18). Determine h(v).
-2
Let t be (15 - 1)/(-4 - -6). Let b(d) = 6*d + 167162*d**2 + d - 167163*d**2 - 5. Calculate b(t).
-5
Let m = 1 + 1. Let h(q) = q + 2*q + q**m - 1 - 4*q + 0*q. Let u = 694 + -692. What is h(u)?
1
Let u(i) = 5*i**3 - 4*i**2 - 8*i - 7. Let j(p) = 27*